{"id":22,"date":"2012-11-17T11:57:10","date_gmt":"2012-11-17T10:57:10","guid":{"rendered":"http:\/\/www.vorostorony.hu\/vorostorony-fogado-mor\/?page_id=22"},"modified":"2021-06-28T22:10:43","modified_gmt":"2021-06-28T20:10:43","slug":"ajanlataink","status":"publish","type":"page","link":"https:\/\/www.vorostorony.hu\/vorostorony-fogado-mor\/ajanlataink\/","title":{"rendered":"Aj\u00e1nlataink"},"content":{"rendered":"\n<p>Nek\u00fcnk nincs hangzatos nev\u0171 sz\u00e1ll\u00e1s aj\u00e1nlatunk. Mi aj\u00e1nljuk magunkat, \u00e9s b\u00e1rmikor b\u00e1rmit megszervez\u00fcnk! Ahhoz alkotunk majd programaj\u00e1nl\u00f3t, ami \u00d6nt \u00e9rdekli. Annyi \u00e9jszak\u00e1t k\u00f6t\u00fcnk egy csomagba amennyit itt sz\u00e1nd\u00e9kozik t\u00f6lteni, \u00e9s mindent az \u00d6n ig\u00e9nyeihez \u00e9s lehet\u0151s\u00e9geihez igaz\u00edtunk majd.<\/p>\n\n\n\n<hr class=\"wp-block-separator\"\/>\n\n\n\n<h1 class=\"wp-block-heading\">Programaj\u00e1nlatok<\/h1>\n\n\n\n<p>Ahhoz, hogy a k\u00f6z\u00f6sen megalkotott program, a v\u00e1rosunkban elt\u00f6lt\u00f6tt id\u0151, igaz\u00e1n feledhetetlen legyen, <strong>b\u00fcszk\u00e9n aj\u00e1nljuk partnereinket<\/strong>, akik magas min\u0151s\u00e9g\u0171 szolg\u00e1ltat\u00e1saikkal, \u00f6r\u00f6mmel \u00e1llnak az \u00d6n\u00f6k rendelkez\u00e9s\u00e9re.<\/p>\n\n\n\n<p><a id=\"bor\" name=\"bor\"><\/a><\/p>\n\n\n\n<h2 class=\"wp-block-heading\"><span style=\"color: #008000;\">Bork\u00f3stol\u00f3k,&nbsp;borvacsor\u00e1k,&nbsp;pinceprogramok<\/span><\/h2>\n\n\n\n<p>Geszler Csal\u00e1di Pinc\u00e9szet<\/p>\n\n\n\n<p><strong>Tradicion\u00e1lis 200 \u00e9ves sv\u00e1b bork\u00f3stol\u00f3 pince:&nbsp;<\/strong>8060 M\u00f3r, Zr\u00ednyi u. 25.<\/p>\n\n\n\n<p><strong>Modern l\u00e1tv\u00e1nybor\u00e1szat:&nbsp;<\/strong>8060 M\u00f3r, Martinovics u. 6\/c<\/p>\n\n\n\n<p><a href=\"http:\/\/www.geszlerpince.hu\" target=\"_blank\" rel=\"noopener noreferrer\">www.geszlerpince.hu<\/a><\/p>\n\n\n\n<hr class=\"wp-block-separator\"\/>\n\n\n\n<h3 class=\"wp-block-heading\">Boz\u00f3ky Pinc\u00e9szet<\/h3>\n\n\n\n<p>\u201eA legkiv\u00e1l\u00f3bb bor\u00e1szatok egyike a Boz\u00f3ky Pinc\u00e9szet, amely nemcsak bortermel\u00e9ssel \u00e9s vend\u00e9gl\u00e1t\u00e1ssal foglalkozik, hanem egy eg\u00e9sz \u00e9vben nyitva tart\u00f3 borm\u00fazeumot is m\u0171k\u00f6dtet..\u201d<\/p>\n\n\n\n<p><a href=\"http:\/\/www.bozoky-pinceszet.hu\/\" target=\"_blank\" rel=\"noopener noreferrer\">www.bozoky-pinceszet.hu<\/a><\/p>\n\n\n\n<hr class=\"wp-block-separator\"\/>\n\n\n\n<h3 class=\"wp-block-heading\">Frey Pince<\/h3>\n\n\n\n<p>\u201eCsal\u00e1di bor\u00e1szatunkat, Frey Pince n\u00e9ven &#8211; a 300 \u00e9ves m\u00f3ri sv\u00e1b sz\u0151l\u0151kult\u00fara hagyom\u00e1nyaira t\u00e1maszkodva &#8211; 1993-ban alap\u00edtottuk, jelenlegi pinc\u00e9nk megv\u00e1s\u00e1rl\u00e1s\u00e1val. Csal\u00e1dunk m\u00e1r ezt megel\u0151z\u0151en is &#8211; t\u00f6bb gener\u00e1ci\u00f3ra visszamen\u0151leg &#8211; foglalkozott sz\u0151l\u0151termeszt\u00e9ssel \u00e9s bork\u00e9sz\u00edt\u00e9ssel.\u201d<\/p>\n\n\n\n<p><a href=\"http:\/\/www.frey-pince.com\/\" target=\"_blank\" rel=\"noopener noreferrer\">www.frey-pince.com<\/a><\/p>\n\n\n\n<hr class=\"wp-block-separator\"\/>\n\n\n\n<h3 class=\"wp-block-heading\">Maurus Pince<\/h3>\n\n\n\n<p>\u201eIsmerje meg \u00d6n is, M\u00f3r egyik legr\u00e9gebbi pinc\u00e9j\u00e9t, \u00e9s a pinc\u00e9ben k\u00e9sz\u00fclt borokat.<br>A Maurus Pinc\u00e9ben \u00f6tv\u00f6zz\u00fck a hagyom\u00e1nyos bork\u00e9sz\u00edt\u00e9st a mai modern ismeretekkel. A borok hossz\u00fa \u00e9rlel\u00e9st kapnak, hogy a h\u00edres m\u00f3ri savakat bar\u00e1ts\u00e1gosabb\u00e1 tegy\u00fck. Komoly, \u00e9rett, nagy feh\u00e9rborok k\u00e9sz\u00fclnek, folyamatosan szem el\u0151tt tartva a kompromisszumok n\u00e9lk\u00fcli magas min\u0151s\u00e9get.\u201d<\/p>\n\n\n\n<p><a href=\"http:\/\/www.maurus.hu\/\" target=\"_blank\" rel=\"noopener noreferrer\">www.maurus.hu<\/a><\/p>\n\n\n\n<hr class=\"wp-block-separator\"\/>\n\n\n\n<h3 class=\"wp-block-heading\">Varga&amp;Fia pinc\u00e9szet<\/h3>\n\n\n\n<p>\u201ePinc\u00e9szet\u00fcnket 1997-ben alap\u00edtotta Varga B\u00e9la,&nbsp;a sok \u00e9ves bor\u00e1szati tapasztalattal rendelkez\u0151&nbsp;csal\u00e1df\u0151. Ma m\u00e1r fia, M\u00e1t\u00e9 is eme \u201esz\u00e9p\u201d&nbsp;szakma birtokosa \u00e9s a v\u00e1llalkoz\u00e1s akt\u00edv tagja.&nbsp;B\u00e1r a nagysz\u00fcl\u0151k ter\u00fcletei \u00e9s a kezdetek a&nbsp;Balaton-felvid\u00e9khez k\u00f6t\u0151dnek, ma m\u00e1r a M\u00f3ri&nbsp;T\u00f6rt\u00e9nelmi Borvid\u00e9ken folytatjuk a termel\u00e9st.\u201d<\/p>\n\n\n\n<p><a href=\"http:\/\/www.vargapince.hu\/\" target=\"_blank\" rel=\"noopener noreferrer\">www.vargapince.hu<\/a><\/p>\n\n\n\n<hr class=\"wp-block-separator\"\/>\n\n\n\n<h3 class=\"wp-block-heading\">Csetvei Pince M\u00f3r<\/h3>\n\n\n\n<p>&#8222;A pince fel\u00faj\u00edt\u00e1sa befejez\u0151d\u00f6tt, csodasz\u00e9p lett. Eltelt egy \u00e9v, t\u00fal vagyok a m\u00e1sodik teljes saj\u00e1t sz\u00fcretemen \u00e9s az a legf\u0151bb v\u00e1gyam, hogy nagyon sok sz\u00e9p, mosolyg\u00f3s, szerethet\u0151 bort k\u00e9sz\u00edtsek Nektek, kedves Olvas\u00f3k!&#8221;<\/p>\n\n\n\n<p>Csetvei Krisztina<\/p>\n\n\n\n<p><a href=\"http:\/\/www.csetveipince.hu\/\/\" target=\"_blank\" rel=\"noopener noreferrer\">www.csetveipince.hu<\/a><\/p>\n\n\n\n<a id=\"etterem\" name=\"etterem\"><\/a>\n\n\n\n<hr class=\"wp-block-separator\"\/>\n\n\n\n<h2 class=\"wp-block-heading\"><span style=\"color: #008000;\">Helyi \u00e9ttermek, vend\u00e9gl\u00e1t\u00e1s<\/span><\/h2>\n\n\n\n<h3 class=\"wp-block-heading\">Ara \u00c9tterem<\/h3>\n\n\n\n<p>\u201eAz ARA \u00c9tterem konyh\u00e1j\u00e1ban megalkotott \u00e9telek egyar\u00e1nt kiel\u00e9g\u00edtik kicsik \u00e9s nagyok, h\u00fasev\u0151k \u00e9s veget\u00e1ri\u00e1nusok, \u00ednyencek \u00e9s hagyom\u00e1nyos \u00edzekre v\u00e1gy\u00f3k, fal\u00e1nkok vagy di\u00e9t\u00e1z\u00f3k ig\u00e9nyeit.<\/p>\n\n\n\n<p>H\u00e1zias jelleg\u0171 konyh\u00e1val, szolid \u00e1rakkal, bar\u00e1ti sz\u00f3val m\u0171k\u00f6d\u0151 csal\u00e1dias hangulat\u00fa \u00e9tterm\u00fcnket 2000-ben alak\u00edtottuk ki. 2008 \u00e9v v\u00e9g\u00e9n fel\u00faj\u00edtottuk, \u00edgy form\u00e1l\u00f3dott ki a mai k\u00e9p.\u201d<\/p>\n\n\n\n<p><a href=\"http:\/\/www.araetterem.hu\/\" target=\"_blank\" rel=\"noopener noreferrer\">www.araetterem.hu<\/a><\/p>\n\n\n\n<hr class=\"wp-block-separator\"\/>\n\n\n\n<h3 class=\"wp-block-heading\">&nbsp;Borm\u00fazeum \u00c9tterem<\/h3>\n\n\n\n<p><strong>&nbsp;<\/strong>\u201eA Borm\u00fazeum \u00c9tterem M\u00f3r v\u00e1ros t\u00f6rt\u00e9net\u00e9nek egyik meghat\u00e1roz\u00f3 szerepl\u0151je. A lev\u00e9lt\u00e1ri adatok szerint m\u00e1r az 1960-as \u00e9vekt\u0151l tal\u00e1lunk r\u00f3la k\u00fcl\u00f6nb\u00f6z\u0151 feljegyz\u00e9seket. A M\u00f3ri \u00c1llami Gazdas\u00e1g \u00e9vtizedekig itt t\u00e1rolta a muze\u00e1lis bork\u00e9szlet\u00e9t, az \u00e9tterem nev\u00e9t innen eredeztetik. A 200 \u00e9ves m\u00faltra visszatekint\u0151 pinc\u00e9t a 70-es \u00e9vekben alak\u00edtott\u00e1k \u00e1t \u00e9tteremm\u00e9. Az\u00f3ta is m\u0171eml\u00e9kv\u00e9delem alatt \u00e1ll.\u201d<\/p>\n\n\n\n<p><a href=\"http:\/\/www.moribormuzeumetterem.hu\/\" target=\"_blank\" rel=\"noopener noreferrer\">www.moribormuzeumetterem.hu<\/a><\/p>\n\n\n\n<hr class=\"wp-block-separator\"\/>\n\n\n\n<h3 class=\"wp-block-heading\">&nbsp;Ezerj\u00f3 \u00c9tterem<\/h3>\n\n\n\n<p>\u201eA V\u00e9rtes l\u00e1b\u00e1n\u00e1l elter\u00fcl\u0151 M\u00f3r az ezerj\u00f3 sz\u0151l\u0151 haz\u00e1ja. A kisv\u00e1ros kit\u0171n\u0151 konyh\u00e1j\u00e1r\u00f3l h\u00edres, tradicion\u00e1lis \u00e9tterme az Ezerj\u00f3 \u00c9tterem a v\u00e1ros egyik legfrekvent\u00e1ltabb hely\u00e9n, a Szent Kereszt &#8211; m\u00e1s n\u00e9ven Magyar Templom &#8211; r\u00f3mai katolikus templommal szemben nyitotta meg kapuit imm\u00e1r 20 \u00e9ve.\u201d<\/p>\n\n\n\n<p><a href=\"http:\/\/www.ezerjoetterem.hu\/\" target=\"_blank\" rel=\"noopener noreferrer\">www.ezerjoetterem.hu<\/a><\/p>\n\n\n\n<hr class=\"wp-block-separator\"\/>\n\n\n\n<h3 class=\"wp-block-heading\">&nbsp;T\u00e1rlat \u00c9tterem<\/h3>\n\n\n\n<p>\u201e\u2026Ez a c\u00e9lunk! Vend\u00e9g\u00fcl l\u00e1tni, t\u00e1gabb \u201e\u00e9tkez\u0151nkben\u201d! Olyan \u00e9tterem vagyunk, ahov\u00e1 a megf\u00e1radt utaz\u00f3 bet\u00e9rhet csak egy k\u00e1v\u00e9ra is, ahol k\u00f6tetlen\u00fcl tal\u00e1lkozhat egy r\u00e9gi ismer\u0151ssel, ahol \u00fczletet k\u00f6thet, c\u00e9ges bulit tarthat, esk\u00fcdhet, ahov\u00e1 a csal\u00e1dj\u00e1t elhozza egy j\u00f3 vas\u00e1rnapi eb\u00e9dre! Ahol tal\u00e1l valamit, ami kedv\u00e9re val\u00f3: minket!\u201d<\/p>\n\n\n\n<p><a href=\"http:\/\/www.tarlatetterem.hu\/\" target=\"_blank\" rel=\"noopener noreferrer\">www.tarlatetterem.hu<\/a><\/p>\n\n\n\n<p><a id=\"szabadido\" name=\"szabadido\"><\/a><\/p>\n\n\n\n<hr class=\"wp-block-separator\"\/>\n\n\n\n<h2 class=\"wp-block-heading\"><span style=\"color: #008000;\">Szabadid\u0151, l\u00e1tnival\u00f3k M\u00f3ron<\/span><\/h2>\n\n\n\n<h3 class=\"wp-block-heading\">M\u00f3r &#8211; Az Ezerj\u00f3 Haz\u00e1ja<\/h3>\n\n\n\n<p>M\u00f3r v\u00e1ros a Dun\u00e1nt\u00fali r\u00e9gi\u00f3ban, Fej\u00e9r megy\u00e9ben a Bakony \u00e9s a V\u00e9rtes k\u00f6z\u00f6tti M\u00f3ri-\u00e1rok legjelent\u0151sebb telep\u00fcl\u00e9se.<br>A v\u00e1ros kb. 20 km-es vonz\u00e1sk\u00f6rzetnek gazdas\u00e1gi, kereskedelmi \u00e9s kultur\u00e1lis k\u00f6zpontja. A v\u00e1rost ma t\u00f6bb mint tizen\u00f6tezer l\u00e9lek lakja. Kedvez\u0151 f\u00f6ldrajzi fekv\u00e9s\u00e9nek s ezen a t\u00e1jon \u00e9l\u0151 magyar \u00e9s n\u00e9met ajk\u00fa lakoss\u00e1g szorgalm\u00e1nak k\u00f6sz\u00f6nhet\u0151en mindig kit\u0171nt a hasonl\u00f3 m\u00e9ret\u0171 magyarorsz\u00e1gi v\u00e1rosok k\u00f6z\u00fcl. Az ezer\u00e9ves telep\u00fcl\u00e9s b\u00fcszke m\u00faltj\u00e1ra \u00e9s elfogults\u00e1g n\u00e9lk\u00fcl mondhatjuk, hogy b\u00fcszke lehet jelen\u00e9re is. M\u00f3r \u00e9leter\u0151s, fejl\u0151d\u0151k\u00e9pes v\u00e1ros, amelynek hat\u00e1rozott tervei, megalapozott rem\u00e9nyei vannak a j\u00f6v\u0151t illet\u0151en.<\/p>\n\n\n\n<p><a href=\"http:\/\/www.mor.hu\/\" target=\"_blank\" rel=\"noopener noreferrer\">www.mor.hu<\/a><\/p>\n\n\n\n<p><a title=\"\u00c1lland\u00f3 rendezv\u00e9nyek M\u00f3ron\" href=\"http:\/\/www.mor.hu\/index.php?L=hu&amp;P=6&amp;M=81\" target=\"_blank\" rel=\"noopener noreferrer\">\u00c1lland\u00f3 rendezv\u00e9nyek M\u00f3ron!<\/a><br><a title=\"L\u00e1tnival\u00f3k, nevezetess\u00e9gek\" href=\"http:\/\/www.mor.hu\/index.php?L=hu&amp;P=6\" target=\"_blank\" rel=\"noopener noreferrer\">L\u00e1tnival\u00f3k, nevezetess\u00e9gek<\/a><\/p>\n\n\n\n<p>Haz\u00e1nk 22 borvid\u00e9ke k\u00f6z\u00fcl m\u00e9ret\u00e9ben a kisebb, h\u00edrnev\u00e9t tekintve a jelent\u0151sebb borvid\u00e9kek k\u00f6z\u00e9 tartozik a M\u00f3ri borvid\u00e9k.<\/p>\n\n\n\n<p><a href=\"http:\/\/www.moriborvidek.hu\/\" target=\"_blank\" rel=\"noopener noreferrer\">www.moriborvidek.hu<\/a><\/p>\n\n\n\n<hr class=\"wp-block-separator\"\/>\n\n\n\n<h3 class=\"wp-block-heading\">Lamberg-kast\u00e9ly Kultur\u00e1lis K\u00f6zpont &#8211; M\u00f3r<\/h3>\n\n\n\n<p>Int\u00e9zm\u00e9ny\u00fcnk sz\u00e9khelye a k\u00e9s\u0151barokk Lamberg-kast\u00e9ly, amely Fellner Jakab tervei alapj\u00e1n \u00e9p\u00fclt 1762. \u00e9s 1766. k\u00f6z\u00f6tt. A m\u0171eml\u00e9k\u00e9p\u00fcletben m\u0171k\u00f6d\u0151 k\u00f6nyvt\u00e1r, m\u00fazeum \u00e9s k\u00f6zm\u0171vel\u0151d\u00e9si iroda szeretettel v\u00e1rja l\u00e1togat\u00f3it sz\u00ednes szolg\u00e1ltat\u00e1saival \u00e9s rendezv\u00e9nyeivel!<\/p>\n\n\n\n<p><a href=\"http:\/\/www.lambergkastely.hu\/\" target=\"_blank\" rel=\"noopener noreferrer\">www.lambergkastely.hu<\/a><\/p>\n\n\n\n<hr class=\"wp-block-separator\"\/>\n\n\n\n<h3 class=\"wp-block-heading\">Wekerle S\u00e1ndor Szabadid\u0151k\u00f6zpont M\u00f3r<\/h3>\n\n\n\n<p>A L\u00e9tes\u00edtm\u00e9nyben tal\u00e1lhat\u00f3 uszodar\u00e9szben 25 m\u00e9teres, 6 p\u00e1ly\u00e1s \u00fasz\u00f3medence, tanmedence, pezsg\u0151f\u00fcrd\u0151, szol\u00e1rium, infrakabin, finnszauna tal\u00e1lhat\u00f3. A sportcsarnokban szabv\u00e1ny m\u00e9ret\u0171 k\u00e9zilabda p\u00e1lya, kos\u00e1rlabda, r\u00f6plabda, tollaslabda, futsal, tenisz, floorball lehet\u0151s\u00e9ge ny\u00edlik. K\u00fcls\u0151 ter\u00fcleten tal\u00e1lhat\u00f3 2 db salakos teniszp\u00e1lya, 2 db salakos kism\u00e9ret\u0171 focip\u00e1lya \u00e9s f\u00fcves nagyp\u00e1lya tal\u00e1lhat\u00f3.<\/p>\n\n\n\n<p><a href=\"http:\/\/www.sportcsarnokmor.hu\/\" target=\"_blank\" rel=\"noopener noreferrer\">www.sportcsarnokmor.hu<\/a><\/p>\n\n\n\n<p><a id=\"kornyek\" name=\"kornyek\"><\/a><\/p>\n\n\n\n<hr class=\"wp-block-separator\"\/>\n\n\n\n<h2 class=\"wp-block-heading\"><span style=\"color: #008000;\">Turiszika, l\u00e1tnival\u00f3k a k\u00f6rny\u00e9ken<\/span><\/h2>\n\n\n\n<ul class=\"wp-block-list\"><li><a title=\"Cs\u00f3kai V\u00e1r\" href=\"http:\/\/hu.wikipedia.org\/wiki\/Cs%C3%B3kak%C5%91_v%C3%A1ra\" target=\"_blank\" rel=\"noopener noreferrer\">Cs\u00f3kak\u0151i v\u00e1r<\/a> \u2013 8 km: A XIII. sz\u00e1zadban keletkezett k\u00f6zs\u00e9g l\u00e1tnival\u00f3i k\u00f6z\u00e9 tartozik a magasba ny\u00fal\u00f3 szirten \u00e9p\u00fclt v\u00e1r, ahonnan gy\u00f6ny\u00f6r\u0171 kil\u00e1t\u00e1s ny\u00edlik a Bakonyra \u00e9s a M\u00f3ri-\u00e1rokra.<\/li><li><a title=\"Bodajk\" href=\"http:\/\/www.bodajk.hu\/\" target=\"_blank\" rel=\"noopener noreferrer\">Bodajk<\/a> \u2013 8 km: Bodajkot a leg\u0151sibb M\u00e1ria kegyhelynek tartj\u00e1k, h\u00edres zar\u00e1ndokhely. Itt tal\u00e1lhat\u00f3 a XIX. sz\u00e1zadban \u00e9p\u00fclt Hochburg-Lamberg kast\u00e9ly. T\u00f6rt\u00e9nelmi m\u00faltj\u00e1n \u00e9s vonz\u00f3 k\u00fcls\u0151 arculat\u00e1n k\u00edv\u00fcl Bodajkot a k\u00f6zeli Gaja-v\u00f6lgy tette h\u00edress\u00e9, mely minden \u00e9vszakban kellemes id\u0151t\u00f6lt\u00e9st k\u00edn\u00e1l a turist\u00e1knak, vad\u00e1szoknak. A s\u00edel\u00e9st kedvel\u0151k sz\u00e1m\u00e1ra felvon\u00f3val ell\u00e1tott s\u00edp\u00e1lya k\u00edn\u00e1l sportol\u00e1si lehet\u0151s\u00e9get.<\/li><li><a title=\"Ap\u00e1ts\u00e1g\" href=\"http:\/\/www.vertesszentkereszt.org\" target=\"_blank\" rel=\"noopener noreferrer\">Pusztav\u00e1m<\/a> \u2013 10 km: A V\u00e9rtesszentkereszti ciszter ap\u00e1ts\u00e1gi templom- \u00e9s kolostorrom Pusztav\u00e1mhoz k\u00f6zel az erd\u0151ben tal\u00e1lhat\u00f3. Els\u0151 eml\u00edt\u00e9se 1146-b\u00f3l sz\u00e1rmazik. A megmaradt falak a XII.-XIII.sz.-i rom\u00e1n kori \u00e9p\u00edt\u00e9szet\u00fcnk kiemelked\u0151 \u00e9rt\u00e9k\u0171 m\u0171eml\u00e9ke. A t\u00f6r\u00f6k id\u0151kben lerombolt\u00e1k. Az az\u00f3ta elhordott d\u00edszes k\u00f6vek egy r\u00e9sze a tatai m\u00fazeumban t\u00e1that\u00f3.<\/li><li><a title=\"Feh\u00e9rv\u00e1rcsurg\u00f3\" href=\"http:\/\/www.karolyi.org.hu\/\" target=\"_blank\" rel=\"noopener noreferrer\">Feh\u00e9rv\u00e1rcsurg\u00f3<\/a> \u2013 12 km: A t\u00f6rt\u00e9nelmi telep\u00fcl\u00e9s egyik nevezetess\u00e9ge az 1844-ben \u00e9p\u00fclt K\u00e1rolyi kast\u00e9ly, melyb\u0151l gy\u00f6ny\u00f6r\u0171 kil\u00e1t\u00e1s ny\u00edlik az alatta elter\u00fcl\u0151 v\u00f6lgyre. A falu melletti v\u00edzt\u00e1roz\u00f3 ny\u00e1ron f\u00fcrd\u00e9si lehet\u0151s\u00e9get, az \u00e9v nagyobb r\u00e9sz\u00e9ben horg\u00e1sz\u00e1st \u00e9s pihen\u00e9st k\u00edn\u00e1l a vend\u00e9geknek.<\/li><li><a title=\"Majk\" href=\"http:\/\/www.majk.hu\/\" target=\"_blank\" rel=\"noopener noreferrer\">Majk<\/a> \u2013 25 km: Kedvelt kir\u00e1ndul\u00f3hely a V\u00e9rtes \u00e9szaki r\u00e9sz\u00e9n.Legf\u0151bb nevezetess\u00e9ge a Kamalduli Remetes\u00e9g XVIII. sz\u00e1zadb\u00f3l fennmaradt \u00e9p\u00fcletegy\u00fcttese, melyben a szerzetesrend eg\u00e9szen 1782-ig m\u0171k\u00f6d\u00f6tt, majd feloszlatt\u00e1k. A lak\u00f3h\u00e1zakat, a templomot \u00e9s a f\u0151\u00e9p\u00fcletet ma idegenforgalmi c\u00e9lokra hasznos\u00edtj\u00e1k \u00e9s m\u00fazeumk\u00e9nt is l\u00e1togathat\u00f3.<\/li><li><a title=\"Sz\u00e9kesfeh\u00e9rv\u00e1r\" href=\"http:\/\/www.szekesfehervar.hu\/\" target=\"_blank\" rel=\"noopener noreferrer\">Sz\u00e9kesfeh\u00e9rv\u00e1r<\/a> \u2013 27 km: Magyarorsz\u00e1g \u00e9s K\u00f6z\u00e9p-Eur\u00f3pa egyik leg\u0151sibb telep\u00fcl\u00e9se, a k\u00f6z\u00e9pkori magyar kir\u00e1lyi koron\u00e1z\u00f3v\u00e1ros. M\u00faltja \u00e9s jelene miatt az egyik legjelent\u0151sebb magyar telep\u00fcl\u00e9s.<\/li><li><a title=\"gorsium\" href=\"http:\/\/www.szikm.hu\/gorsium.php\" target=\"_blank\" rel=\"noopener noreferrer\">T\u00e1c<\/a> \u2013 35 km: R\u00f3mai kori \u00e1sat\u00e1sok helysz\u00edne a Gorsium-Herculia r\u00e9g\u00e9szeti park. A romter\u00fclet, a feliratos vagy mitol\u00f3giai jeleneteket \u00e1br\u00e1zol\u00f3 k\u00f6vek apr\u00f3 t\u00e1rgyak \u00e9s szobrocsk\u00e1k szeml\u00e9letesen vallanak a r\u00f3mai kori Pann\u00f3nia kult\u00far\u00e1j\u00e1r\u00f3l. \u00c9vente k\u00e9tszer, \u00e1prilis v\u00e9g\u00e9n \u00e9s j\u00falius v\u00e9g\u00e9n nagyszab\u00e1s\u00fa program, kirakod\u00f3v\u00e1s\u00e1r \u00e9s szabadt\u00e9ri j\u00e1t\u00e9kok is v\u00e1rja itt az \u00e9rdekl\u0151d\u0151ket.<\/li><li><a title=\"Cseszneki V\u00e1r\" href=\"http:\/\/www.csesznekivar.hu\" target=\"_blank\" rel=\"noopener noreferrer\">Csesznek<\/a> &#8211; 35 km: A Bakony hegys\u00e9g\u00e9ben elb\u00fajva, egy sziklaszirten l\u00e1that\u00f3ak Csesznek v\u00e1r\u00e1nak fest\u0151i k\u0151falai.<\/li><li><a title=\"Zirc\" href=\"http:\/\/www.zirc.hu\/\" target=\"_blank\" rel=\"noopener noreferrer\">Zirc<\/a> \u2013 35 km: Az orsz\u00e1g legmagasabban fekv\u0151 kisv\u00e1rosa meg\u0151rz\u00f6tt t\u00f6rt\u00e9nelmi eml\u00e9keivel, kultur\u00e1lis programjaival, szolg\u00e1ltat\u00e1saival \u00e9s csal\u00e1dias hangulat\u00fa vend\u00e9gszeretet\u00e9vel kiemelked\u0151 idegenforgalomra tett szert. Itt tal\u00e1lhat\u00f3 a nemzetk\u00f6zi h\u00edr\u0171 arbor\u00e9tum, melynek 20 hekt\u00e1ros ter\u00fclet\u00e9n a f\u00f6ld minden r\u00e9sz\u00e9r\u0151l telep\u00edtett f\u00e1k \u00e9s n\u00f6v\u00e9nyk\u00fcl\u00f6nlegess\u00e9gek k\u00f6z\u00f6tt t\u00f6bbsz\u00e1z \u00e9ves p\u00e9ld\u00e1nyok k\u00edn\u00e1lnak p\u00e1ratlan l\u00e1tnival\u00f3t.<\/li><li><a title=\"Zirci Arbor\u00e9tum\" href=\"http:\/\/www.zirciarboretum.hu\/\" target=\"_blank\" rel=\"noopener noreferrer\">Zirci Arbor\u00e9tum<\/a> (m\u00e1rcius 15-november 30.), Zirci Ciszterci Ap\u00e1ts\u00e1g, Reguly Antal N\u00e9prajzi M\u00fazeum www.zirc.hu<\/li><li><a title=\"Bakony\" href=\"http:\/\/www.turautak.eoldal.hu\/cikkek\/turautak\/bakonynana--gaja-patak--romai-furdo--szurdok---jasd.html\" target=\"_blank\" rel=\"noopener noreferrer\">Bakonyi kir\u00e1ndul\u00e1s<\/a> \u2013 J\u00e1sd, T\u00e9s, Bakonyn\u00e1na \u2013 20 km: Kellemes erdei kir\u00e1ndul\u00e1sra invit\u00e1ljuk \u00d6n\u00f6ket a Bakonyba. A jel\u00f6lt t\u00fara\u00fatvonalak k\u00f6zt kit\u00e9r\u0151t tehet J\u00e1sdon \u00e9s T\u00e9sen is, ahol gy\u00f6ny\u00f6rk\u00f6dhet a sz\u00e9lmalmokban, tov\u00e1bbhaladva az erdei \u00faton Bakonyn\u00e1na ir\u00e1nyba leszakad\u00f3 magas m\u00e9szk\u0151falak k\u00f6z\u00f6tt a R\u00f3mai-f\u00fcrd\u0151k\u00e9nt ismert v\u00edzes\u00e9sbe \u00f6mlik al\u00e1 a v\u00edz.<\/li><li><a title=\"Pannonhalmi Ap\u00e1ts\u00e1g\" href=\"http:\/\/bences.hu\/\" target=\"_blank\" rel=\"noopener noreferrer\">Pannonhalma<\/a> \u2013 50 km: A telep\u00fcl\u00e9s legf\u0151bb nevezetess\u00e9ge a Szent M\u00e1rton hegyen \u00e9p\u00fclt benc\u00e9s f\u0151ap\u00e1ts\u00e1g, mely 1996 \u00f3ta a Vil\u00e1g\u00f6r\u00f6ks\u00e9ghez tartozik.<\/li><\/ul>\n","protected":false},"excerpt":{"rendered":"<p>Nek\u00fcnk nincs hangzatos nev\u0171 sz\u00e1ll\u00e1s aj\u00e1nlatunk. Mi aj\u00e1nljuk magunkat, \u00e9s b\u00e1rmikor b\u00e1rmit megszervez\u00fcnk! Ahhoz alkotunk majd programaj\u00e1nl\u00f3t, ami \u00d6nt \u00e9rdekli. Annyi \u00e9jszak\u00e1t k\u00f6t\u00fcnk egy csomagba amennyit itt sz\u00e1nd\u00e9kozik t\u00f6lteni, \u00e9s mindent az \u00d6n ig\u00e9nyeihez \u00e9s lehet\u0151s\u00e9geihez igaz\u00edtunk majd. Programaj\u00e1nlatok Ahhoz, &hellip; <a href=\"https:\/\/www.vorostorony.hu\/vorostorony-fogado-mor\/ajanlataink\/\">Egy kattint\u00e1s ide a folytat\u00e1shoz&#8230;. <span class=\"meta-nav\">&rarr;<\/span><\/a><\/p>\n","protected":false},"author":12,"featured_media":0,"parent":0,"menu_order":4,"comment_status":"closed","ping_status":"open","template":"","meta":{"footnotes":""},"class_list":["post-22","page","type-page","status-publish","hentry"],"_links":{"self":[{"href":"https:\/\/www.vorostorony.hu\/vorostorony-fogado-mor\/wp-json\/wp\/v2\/pages\/22","targetHints":{"allow":["GET"]}}],"collection":[{"href":"https:\/\/www.vorostorony.hu\/vorostorony-fogado-mor\/wp-json\/wp\/v2\/pages"}],"about":[{"href":"https:\/\/www.vorostorony.hu\/vorostorony-fogado-mor\/wp-json\/wp\/v2\/types\/page"}],"author":[{"embeddable":true,"href":"https:\/\/www.vorostorony.hu\/vorostorony-fogado-mor\/wp-json\/wp\/v2\/users\/12"}],"replies":[{"embeddable":true,"href":"https:\/\/www.vorostorony.hu\/vorostorony-fogado-mor\/wp-json\/wp\/v2\/comments?post=22"}],"version-history":[{"count":0,"href":"https:\/\/www.vorostorony.hu\/vorostorony-fogado-mor\/wp-json\/wp\/v2\/pages\/22\/revisions"}],"wp:attachment":[{"href":"https:\/\/www.vorostorony.hu\/vorostorony-fogado-mor\/wp-json\/wp\/v2\/media?parent=22"}],"curies":[{"name":"wp","href":"https:\/\/api.w.org\/{rel}","templated":true}]}}