{"id":19,"date":"2012-11-17T11:51:14","date_gmt":"2012-11-17T10:51:14","guid":{"rendered":"http:\/\/www.vorostorony.hu\/vorostorony-fogado-mor\/?page_id=19"},"modified":"2021-06-28T22:00:27","modified_gmt":"2021-06-28T20:00:27","slug":"a-panzionk","status":"publish","type":"page","link":"https:\/\/www.vorostorony.hu\/vorostorony-fogado-mor\/","title":{"rendered":"A Panzi\u00f3nk"},"content":{"rendered":"\n<p>2000 okt\u00f3ber\u00e9nek els\u0151 h\u00e9tv\u00e9g\u00e9j\u00e9n nyitottuk meg panzi\u00f3nkat a M\u00f3rra l\u00e1togat\u00f3 vend\u00e9gek sz\u00e1m\u00e1ra.<\/p>\n\n\n\n<div class=\"wp-block-image\"><figure class=\"alignleft size-large is-resized\"><img loading=\"lazy\" decoding=\"async\" src=\"https:\/\/www.vorostorony.hu\/vorostorony-fogado-mor\/wp-content\/uploads\/vorostorony_kep_016-800x534.jpg\" alt=\"\" class=\"wp-image-1028\" width=\"200\" height=\"134\" srcset=\"https:\/\/www.vorostorony.hu\/vorostorony-fogado-mor\/wp-content\/uploads\/vorostorony_kep_016-800x534.jpg 800w, https:\/\/www.vorostorony.hu\/vorostorony-fogado-mor\/wp-content\/uploads\/vorostorony_kep_016-150x100.jpg 150w, https:\/\/www.vorostorony.hu\/vorostorony-fogado-mor\/wp-content\/uploads\/vorostorony_kep_016-768x512.jpg 768w, https:\/\/www.vorostorony.hu\/vorostorony-fogado-mor\/wp-content\/uploads\/vorostorony_kep_016.jpg 1000w\" sizes=\"auto, (max-width: 200px) 100vw, 200px\" \/><\/figure><\/div>\n\n\n\n<p>Kezdetekben m\u00e9g nem l\u00e1ttuk pontosan, hogy a helyi turizmus mely \u00e1gazat\u00e1n lesz majd igaz\u00e1n sz\u00fcks\u00e9g a szolg\u00e1ltat\u00e1sunkra.&nbsp; Ahogy teltek az \u00e9vek, \u00fagy form\u00e1ltak minket ig\u00e9nyeikkel a hozz\u00e1nk \u00e9rkez\u0151 vend\u00e9gek. Hozz\u00e1juk igazodva alak\u00edtottuk ki szolg\u00e1ltat\u00e1sainkat, napi munkav\u00e9gz\u00e9s\u00fcnket, id\u0151beoszt\u00e1sunkat, munkat\u00e1rsaink fel\u00e9 t\u00e1masztott elv\u00e1r\u00e1sainkat.<\/p>\n\n\n\n<p>\u00cdgy alakult ki m\u00e1ra a panzi\u00f3nk arca, \u00e9s v\u00e1ltunk a v\u00e1ros els\u0151sz\u00e1m\u00fa \u201eBiznisz panzi\u00f3j\u00e1v\u00e1\u201d, ahol rem\u00e9nyeink szerint kell\u0151en kipihenheti mag\u00e1t a v\u00e1rosunkban munk\u00e1t v\u00e9gz\u0151 vend\u00e9g, \u00fczletember \u00e9s a szabadidej\u00e9t itt elt\u00f6lt\u0151 turista is.<\/p>\n\n\n\n<div class=\"wp-block-image\"><figure class=\"alignright size-large is-resized\"><img loading=\"lazy\" decoding=\"async\" src=\"https:\/\/www.vorostorony.hu\/vorostorony-fogado-mor\/wp-content\/uploads\/vorostorony_kep_010-800x534.jpg\" alt=\"\" class=\"wp-image-1022\" width=\"200\" height=\"134\" srcset=\"https:\/\/www.vorostorony.hu\/vorostorony-fogado-mor\/wp-content\/uploads\/vorostorony_kep_010-800x534.jpg 800w, https:\/\/www.vorostorony.hu\/vorostorony-fogado-mor\/wp-content\/uploads\/vorostorony_kep_010-150x100.jpg 150w, https:\/\/www.vorostorony.hu\/vorostorony-fogado-mor\/wp-content\/uploads\/vorostorony_kep_010-768x512.jpg 768w, https:\/\/www.vorostorony.hu\/vorostorony-fogado-mor\/wp-content\/uploads\/vorostorony_kep_010.jpg 1000w\" sizes=\"auto, (max-width: 200px) 100vw, 200px\" \/><\/figure><\/div>\n\n\n\n<p>N\u00e1lunk val\u00f3ban minden a vend\u00e9gr\u0151l sz\u00f3l. Azt, hogy siker\u00fclt-e terveink szerint megfeleln\u00fcnk sz\u00e1mukra, a leghitelesebben csak t\u0151l\u00fck tudhatjuk meg. A leghosszabb ideig n\u00e1lunk vend\u00e9gesked\u0151k k\u00f6zel <strong>m\u00e1sf\u00e9l \u00e9vet<\/strong> t\u00f6lt\u00f6ttek el n\u00e1lunk. Ez \u00f6nmag\u00e1ban is hordoz inform\u00e1ci\u00f3t r\u00f3lunk.<\/p>\n\n\n\n<p>A mi v\u00e1rosunk nagyon sz\u00e9p, \u00e9s izgalmas kisv\u00e1ros, amit igaz\u00e1n \u00e9rdemes megl\u00e1togatni. A k\u00f6rny\u00e9k\u00fcnk tele van szebbn\u00e9l szebb l\u00e1tnival\u00f3kkal, a m\u00f3ri pinc\u00e9k hord\u00f3i pedig tele vannak t\u00fczes, vend\u00e9gmarasztal\u00f3, zamatos &nbsp;borokkal, a v\u00e1ros \u00e9ttermeiben \u00fcgyes szak\u00e1csok k\u00e9sz\u00edtik a finoms\u00e1gokat.<\/p>\n\n\n\n<p>Kell enn\u00e9l t\u00f6bb \u00e9rv ahhoz, hogy ell\u00e1togassanak hozz\u00e1nk?<\/p>\n\n\n\n<p><a href=\"http:\/\/www.vorostorony.hu\/vorostorony-fogado-mor\/kepgaleria\/\">Tov\u00e1bbi fot\u00f3k\u00e9rt, l\u00e1togasson el a k\u00e9pgal\u00e9ri\u00e1nkba!<\/a><\/p>\n","protected":false},"excerpt":{"rendered":"<p>2000 okt\u00f3ber\u00e9nek els\u0151 h\u00e9tv\u00e9g\u00e9j\u00e9n nyitottuk meg panzi\u00f3nkat a M\u00f3rra l\u00e1togat\u00f3 vend\u00e9gek sz\u00e1m\u00e1ra. Kezdetekben m\u00e9g nem l\u00e1ttuk pontosan, hogy a helyi turizmus mely \u00e1gazat\u00e1n lesz majd igaz\u00e1n sz\u00fcks\u00e9g a szolg\u00e1ltat\u00e1sunkra.&nbsp; Ahogy teltek az \u00e9vek, \u00fagy form\u00e1ltak minket ig\u00e9nyeikkel a hozz\u00e1nk \u00e9rkez\u0151 &hellip; <a href=\"https:\/\/www.vorostorony.hu\/vorostorony-fogado-mor\/\">Egy kattint\u00e1s ide a folytat\u00e1shoz&#8230;. <span class=\"meta-nav\">&rarr;<\/span><\/a><\/p>\n","protected":false},"author":12,"featured_media":0,"parent":0,"menu_order":1,"comment_status":"closed","ping_status":"open","template":"","meta":{"footnotes":""},"class_list":["post-19","page","type-page","status-publish","hentry"],"_links":{"self":[{"href":"https:\/\/www.vorostorony.hu\/vorostorony-fogado-mor\/wp-json\/wp\/v2\/pages\/19","targetHints":{"allow":["GET"]}}],"collection":[{"href":"https:\/\/www.vorostorony.hu\/vorostorony-fogado-mor\/wp-json\/wp\/v2\/pages"}],"about":[{"href":"https:\/\/www.vorostorony.hu\/vorostorony-fogado-mor\/wp-json\/wp\/v2\/types\/page"}],"author":[{"embeddable":true,"href":"https:\/\/www.vorostorony.hu\/vorostorony-fogado-mor\/wp-json\/wp\/v2\/users\/12"}],"replies":[{"embeddable":true,"href":"https:\/\/www.vorostorony.hu\/vorostorony-fogado-mor\/wp-json\/wp\/v2\/comments?post=19"}],"version-history":[{"count":0,"href":"https:\/\/www.vorostorony.hu\/vorostorony-fogado-mor\/wp-json\/wp\/v2\/pages\/19\/revisions"}],"wp:attachment":[{"href":"https:\/\/www.vorostorony.hu\/vorostorony-fogado-mor\/wp-json\/wp\/v2\/media?parent=19"}],"curies":[{"name":"wp","href":"https:\/\/api.w.org\/{rel}","templated":true}]}}